{"id":10,"date":"2024-01-05T08:52:15","date_gmt":"2024-01-05T07:52:15","guid":{"rendered":"http:\/\/kviz.lotus-dental.si\/?page_id=10"},"modified":"2025-01-10T08:59:30","modified_gmt":"2025-01-10T07:59:30","slug":"lotus-kviz","status":"publish","type":"page","link":"https:\/\/kviz.lotus-dental.si\/","title":{"rendered":"Lotus Kviz"},"content":{"rendered":"\n<div class=\"naroci-se-pasek\">\n<div class=\"naroci-se-pasek-inside\">\n    <a class=\"btn naroci-se-pasek-gumb\" target=\"_blank\" href=\"https:\/\/lotus-dental.si\/brezplacno-merjenje-obzobnih-zepkov\/\" rel=\"noopener\">Naro\u010di se na brezpla\u010dno meritev zdravja dlesni<\/a>\n    <div class=\"naroci-se-pasek-vsebina\">Naro\u010di\u0161 se lahko tudi preko telefonske \u0161tevilke \ud83d\udcde <a href=\"call:0038651252787\">051 252 787<\/a>.<br \/><span class=\"hiter-termin\">Hiter termin je zagotovljen.<\/span> <\/div>  \n<\/div>\n<\/div>\n\n\n\n<div class=\"text-images\">\n  <div class=\"text-image\">\n    <div class=\"text-image__left aos-init aos-animate\" data-aos=\"fade-right\">\n      <div class=\"text-image__img-wrap\">\n        <div class=\"text-image__img-wrap__container : bg-image \">\n          <img decoding=\"async\" src=\"http:\/\/kviz.lotus-dental.si\/wp-content\/uploads\/2023\/12\/slika1.jpg\" alt=\"\" class=\"text-image__img : covered : no-lazzy\">\n        <\/div>\n      <\/div>\n    <\/div>\n    <div class=\"desno-opis\">\n      <span id=\"opis-ime\" class=\"ime\"><\/span>, <br>vabimo te, da dejansko stanje tvojih dlesni natan\u010dno ocenimo skupaj. <span class=\"brezplacno-merjenje\">Na brezpla\u010dnem merjenju obzobnih \u017eepkov, ki bo v na\u0161em centru potekalo med 20. 1. in 31. 1. 2025!<\/span> Merjenje je popolnoma nebole\u010de, hitro in enostavno. Po meritvi <strong>prejme\u0161 parodontalni graf svojih zob in dlesni,<\/strong> ki natan\u010dno prikazuje globino vseh obzobnih \u017eepkov ter razkriva, \u010de ima\u0161 te\u017eave.<br><br>Ko izpolni\u0161 obrazec, te kontaktiramo, da skupaj dolo\u010dimo termin obiska.<br><br><strong>Prijavi se \u010dim prej, \u0161tevilo mest je omejeno!<\/strong> <br>\n      <br>\n      <span class=\"redna-cena-meritev\">(Redna cena meritve obzobnih \u017eepkov je 80 \u20ac, zato ne zamudi te prilo\u017enosti.)<\/span>\n    <\/div>\n  <\/div>\n<\/div>\n\n\n\n<div class=\"naroci-se-pasek naroci-se-pasek2\">\n<div class=\"naroci-se-pasek-inside\">\n    <a class=\"btn naroci-se-pasek-gumb\" target=\"_blank\" href=\"https:\/\/lotus-dental.si\/brezplacno-merjenje-obzobnih-zepkov\/\" rel=\"noopener\">Naro\u010di se preko spleta<\/a>\n    <div class=\"naroci-se-pasek-vsebina\">Ali preko telefonske \u0161tevilke \ud83d\udcde <a href=\"call:0038651252787\">051 252 787<\/a><\/div>  \n<\/div>\n<\/div>\n\n\n\n<div class=\"levotxt-desnoslika\"><h2>Za ve\u010d informacij si preberi \u0161e nekaj osupljivih dejstev o tvojih dlesnih. <\/h2>\n<div class=\"text-images\">\n  <div class=\"text-image reversed\">\n    <div class=\"text-image__left aos-init aos-animate\" data-aos=\"fade-right\">\n      <div class=\"text-image__img-wrap\">\n        <div class=\"text-image__img-wrap__container : bg-image \">\n          <img decoding=\"async\" src=\"http:\/\/kviz.lotus-dental.si\/wp-content\/uploads\/2023\/12\/slika2.jpg\" alt=\"\" class=\"text-image__img : covered : no-lazzy\">\n        <\/div>\n      <\/div>\n    <\/div>\n    <div class=\"levo-opis\">\n<div class=\"naslovcek\">Ali si vedel\/a?<\/div>\n<h2>Obstaja tesna povezava med zdravjem tvojih dlesni in celotnim zdravjem.<\/h2>\n<p>Ali ve\u0161, da tvoje dlesni niso pomembne samo za lep nasmeh, ampak igrajo klju\u010dno vlogo tudi pri splo\u0161nem zdravju? Da, prav si sli\u0161al\/a! Zdravje tvojih dlesni lahko vpliva na tvoje celotno telo in je klju\u010d do tvojega splo\u0161nega dobrega po\u010dutja.<\/p>\n<\/div>\n  <\/div>\n<\/div><\/div>\n\n\n\n<div class=\"glavni-naslov-acc\">Kako to? Poglejmo si bli\u017eje.<\/div>\n<div class=\"accordion\">\n\t\t\t\t\t\t<div class=\"accordion__item aos-init aos-animate\" data-aos=\"fade-left\" data-aos-delay=\"50\">\n\t\t\t\t<div class=\"accordion__item__title\">\n\t\t\t\t\t<span>\n\t\t\t\t\t\t1. Srce in dlesni: povezava, ki presene\u010da\n\t\t\t\t\t<\/span>\n\t\t\t\t\t<div class=\"accordion__item__title__chevron\"><\/div>\n\t\t\t\t<\/div>\n\t\t\t\t<div class=\"accordion__item__content\" style=\"display: none; box-sizing: border-box;\">\n\t\t\t\t\t<div data-component=\"mod-editor-text\" class=\"editor-text \">\n\t\t\t<p>Morda se sli\u0161i presenetljivo, ampak te\u017eave z dlesnimi, kot je parodontalna bolezen, so povezane s pove\u010danim tveganjem za sr\u010dne bolezni. Kako? Bakterije iz vnetih dlesni lahko preidejo v krvni obtok in prispevajo k zama\u0161itvi \u017eil, kar je eden od vzrokov za sr\u010dne bolezni.<\/p>\n\n\n\t\t<\/div>\n\t\t\t\t<\/div>\n\t\t\t<\/div>\n\t\t\t\t\t\t<div class=\"accordion__item aos-init aos-animate\" data-aos=\"fade-left\" data-aos-delay=\"100\">\n\t\t\t\t<div class=\"accordion__item__title\">\n\t\t\t\t\t<span>\n\t\t\t\t\t\t2. Sladkor, dlesni in splo\u0161no zdravje\n\t\t\t\t\t<\/span>\n\t\t\t\t\t<div class=\"accordion__item__title__chevron\"><\/div>\n\t\t\t\t<\/div>\n\t\t\t\t<div class=\"accordion__item__content\" style=\"display: none; box-sizing: border-box;\">\n\t\t\t\t\t<div data-component=\"mod-editor-text\" class=\"editor-text \">\n\t\t\t<p>\u010ce si sladkosned\/a, bodi pozoren\/a! Preve\u010d sladkorja ni le slabo za tvoje zobe, ampak tudi za tvoje dlesni. Sladkor namre\u010d spodbuja rast bakterij, ki povzro\u010dajo vnetja dlesni in lahko privedejo do resnih zdravstvenih te\u017eav, kot je diabetes.<\/p>\n\n\n\t\t<\/div>\n\t\t\t\t<\/div>\n\t\t\t<\/div>\n\t\t\t\t\t\t<div class=\"accordion__item aos-init aos-animate\" data-aos=\"fade-left\" data-aos-delay=\"150\">\n\t\t\t\t<div class=\"accordion__item__title\">\n\t\t\t\t\t<span>\n\t\t\t\t\t\t3. Dlesni in dihanje: nevidna povezava\n\t\t\t\t\t<\/span>\n\t\t\t\t\t<div class=\"accordion__item__title__chevron\"><\/div>\n\t\t\t\t<\/div>\n\t\t\t\t<div class=\"accordion__item__content\">\n\t\t\t\t\t<div data-component=\"mod-editor-text\" class=\"editor-text \">\n\t\t\t<p>Si vedel\/a, da lahko zdravje tvojih dlesni vpliva tudi na tvoja plju\u010da? Vnetje dlesni lahko pospe\u0161i razvoj plju\u010dnih bolezni, saj bakterije iz ust lahko vdihujemo in jih prenesemo v plju\u010da.<\/p>\n\n\n\t\t<\/div>\n\t\t\t\t<\/div>\n\t\t\t<\/div>\n\t\t\t\t\t\t<div class=\"accordion__item aos-init aos-animate\" data-aos=\"fade-left\" data-aos-delay=\"200\" id=\"obrocno-placilo\">\n\t\t\t\t<div class=\"accordion__item__title\">\n\t\t\t\t\t<span>\n\t\t\t\t\t\t4. Nose\u010dnost in dlesni: ve\u010d kot le estetski problem\n\t\t\t\t\t<\/span>\n\t\t\t\t\t<div class=\"accordion__item__title__chevron\"><\/div>\n\t\t\t\t<\/div>\n\t\t\t\t<div class=\"accordion__item__content\">\n\t\t\t\t\t<div data-component=\"mod-editor-text\" class=\"editor-text \">\n\t\t\t<p>Pri nose\u010dnicah je \u0161e posebej pomembno, da skrbijo za zdravje svojih dlesni. Vnetje dlesni lahko namre\u010d pove\u010da tveganje za prezgodnji porod in nizko porodno te\u017eo dojen\u010dka.<\/p>\n\n\n\t\t<\/div>\n\t\t\t\t<\/div>\n\t\t\t<\/div>\n\t\t\t\t\t\t<div class=\"accordion__item aos-init aos-animate\" data-aos=\"fade-left\" data-aos-delay=\"250\" id=\"garancija\">\n\t\t\t\t<div class=\"accordion__item__title\">\n\t\t\t\t\t<span>\n\t\t\t\t\t\t5. Zdrave dlesni za bolj\u0161i spomin?\n\t\t\t\t\t<\/span>\n\t\t\t\t\t<div class=\"accordion__item__title__chevron\"><\/div>\n\t\t\t\t<\/div>\n\t\t\t\t<div class=\"accordion__item__content\">\n\t\t\t\t\t<div data-component=\"mod-editor-text\" class=\"editor-text \">\n\t\t\t<p>Raziskave ka\u017eejo, da lahko parodontalne bolezni vplivajo tudi na na\u0161 spomin in kognitivne funkcije. Ohranjanje zdravja dlesni lahko torej pomaga ohranjati jasen um in dober spomin.<\/p>\n\n\n\t\t<\/div>\n\t\t\t\t<\/div>\n\t\t\t<\/div>\n\t\t\t\t\t\t\n\t\t\t\t\t\t<div data-aos=\"fade-up\" data-aos-delay=\"100\" class=\"aos-init aos-animate\">\n\t\t\t\t<div data-component=\"at-margin\" class=\"margin : margin--60\"><\/div>\n\t\t\t\t\t<a href=\"mailto:zdravo@clarus-dental.si?subject=Imam vpra\u0161anje\" class=\"link\">\n\t\t\t\n\n<i data-component=\"at-icon\" class=\"icon : icon-arrow-right\"><\/i>\n\t\t\t<\/a>\n\t\t\t<\/div>\n\t\t\t\t\t<\/div>\n\n\n\n<div class=\"naroci-se-pasek\">\n<div class=\"naroci-se-pasek-inside\">\n    <a class=\"btn naroci-se-pasek-gumb\" target=\"_blank\" href=\"https:\/\/lotus-dental.si\/brezplacno-merjenje-obzobnih-zepkov\/\" rel=\"noopener\">Takoj se naro\u010di na brezpla\u010dno meritev obzobnih \u017eepkov<\/a>\n    <div class=\"naroci-se-pasek-vsebina\">Naro\u010di\u0161 se lahko tudi preko telefonske \u0161tevilke \ud83d\udcde <a href=\"call:0038651252787\">051 252 787<\/a>.<br \/><span class=\"hiter-termin\">Hiter termin je zagotovljen.<\/span> <\/div>  \n<\/div>\n<\/div>\n\n\n\n<div class=\"text-images\">\n  <div class=\"text-image\">\n    <div class=\"text-image__left aos-init aos-animate\" data-aos=\"fade-right\">\n      <div class=\"text-image__img-wrap\">\n        <div class=\"text-image__img-wrap__container : bg-image \">\n          <img decoding=\"async\" src=\"http:\/\/kviz.lotus-dental.si\/wp-content\/uploads\/2023\/12\/slika3.jpg\" alt=\"\" class=\"text-image__img : covered : no-lazzy\">\n        <\/div>\n      <\/div>\n    <\/div>\n    <div class=\"desno-opis zadnji\">\n     <p>V primeru dodatnih vpra\u0161anj smo ti z veseljem na voljo.<\/p>\n\n<p>Veselimo se sre\u010danja in ti \u017eelimo lep dan \u0161e naprej.<\/p>\n\n<p>Tvoj Lotus<\/p>\n    <\/div>\n  <\/div>\n<\/div>\n","protected":false},"excerpt":{"rendered":"<p>Naro\u010di se na brezpla\u010dno meritev zdravja dlesni Naro\u010di\u0161 se lahko tudi preko telefonske \u0161tevilke \ud83d\udcde 051 252 787.Hiter termin je zagotovljen. , vabimo te, da dejansko stanje tvojih dlesni natan\u010dno ocenimo skupaj. Na brezpla\u010dnem merjenju obzobnih \u017eepkov, ki bo v na\u0161em centru potekalo med 20. 1. in 31. 1. 2025! Merjenje je popolnoma nebole\u010de, hitro [&hellip;]<\/p>\n","protected":false},"author":1,"featured_media":0,"parent":0,"menu_order":0,"comment_status":"closed","ping_status":"closed","template":"template-quiz.php","meta":{"footnotes":""},"class_list":["post-10","page","type-page","status-publish","hentry"],"_links":{"self":[{"href":"https:\/\/kviz.lotus-dental.si\/index.php\/wp-json\/wp\/v2\/pages\/10","targetHints":{"allow":["GET"]}}],"collection":[{"href":"https:\/\/kviz.lotus-dental.si\/index.php\/wp-json\/wp\/v2\/pages"}],"about":[{"href":"https:\/\/kviz.lotus-dental.si\/index.php\/wp-json\/wp\/v2\/types\/page"}],"author":[{"embeddable":true,"href":"https:\/\/kviz.lotus-dental.si\/index.php\/wp-json\/wp\/v2\/users\/1"}],"replies":[{"embeddable":true,"href":"https:\/\/kviz.lotus-dental.si\/index.php\/wp-json\/wp\/v2\/comments?post=10"}],"version-history":[{"count":8,"href":"https:\/\/kviz.lotus-dental.si\/index.php\/wp-json\/wp\/v2\/pages\/10\/revisions"}],"predecessor-version":[{"id":23,"href":"https:\/\/kviz.lotus-dental.si\/index.php\/wp-json\/wp\/v2\/pages\/10\/revisions\/23"}],"wp:attachment":[{"href":"https:\/\/kviz.lotus-dental.si\/index.php\/wp-json\/wp\/v2\/media?parent=10"}],"curies":[{"name":"wp","href":"https:\/\/api.w.org\/{rel}","templated":true}]}}